= 9 + -6. Let u = n - -6. Suppose 4*f = 3*f + u. What are the prime factors of f?
3
Let i = -196 + 362. List the prime factors of i.
2, 83
Let d(q) = -q**3 - 4*q**2 + 4*q + 6. What are the prime factors of d(-5)?
11
Let c = 21 + -30. Let s(k) = -k**2 - 9*k + 3. Let h be s(c). Suppose -h*w + 30 = -0. What are the prime factors of w?
2, 5
Let f = 11 + -8. Suppose -7 + f = -4*o. Let a = o - -2. List the prime factors of a.
3
Suppose 4*f = -4*f + 336. What are the prime factors of f?
2, 3, 7
Suppose -6*k + 100 = 28. List the prime factors of k.
2, 3
List the prime factors of (56/12)/(-1 - 82/(-78)).
7, 13
Let b = 45 - -19. Suppose 0*w - 3*w - b = 4*q, -4*w + 2*q - 122 = 0. Let t = -11 - w. List the prime factors of t.
17
Suppose -44 - 86 = -2*u. List the prime factors of u.
5, 13
Let y be (-25)/(-6) - 12/72. Suppose -3*h + y*h = 24. What are the prime factors of h?
2, 3
Suppose -q = 8*q. Let n(a) be the first derivative of -a**3/3 + a**2/2 + 2*a + 1. List the prime factors of n(q).
2
Let h = -2 - -2. Let i be h + 2 + 1/(-1). List the prime factors of (i + -3)/(4/(-18)).
3
Let w = -103 - -117. List the prime factors of w.
2, 7
Suppose 4*s - 279 = s. What are the prime factors of s?
3, 31
Suppose 0 = 10*d - d - 531. What are the prime factors of d?
59
Suppose 0*z + 25 = -5*z. Let j(b) = 1 + 6 + 6*b + 2*b**2 - 3*b**2 + 2*b**2. List the prime factors of j(z).
2
Suppose 13 = -3*l + 157. List the prime factors of l.
2, 3
Let s(p) = p - 1. Let c be s(13). Suppose -2*r - c = -4*r. What are the prime factors of r?
2, 3
Let v(s) = 28*s**3 + s**2 - 2*s + 1. List the prime factors of v(1).
2, 7
Let l(o) = 7*o - 7. List the prime factors of l(2).
7
Let k(b) = -b**3 + 8*b**2 + b + 3. Let w(f) = -f + 1. Let d = 5 + -12. Let o be w(d). What are the prime factors of k(o)?
11
Suppose -2*i + 2 = 0, 3*k - i + 7 = 3*i. Let h = k - -3. Suppose -x - h*d + 5 = d, -5 = -x + 5*d. What are the prime factors of x?
5
Suppose 14 = o - 10. List the prime factors of o.
2, 3
Suppose -h = 2*h - 12. Suppose -h - 5 = -3*z. Suppose -c - 4*r + 23 = 0, -3*c + z*r + 2*r + 18 = 0. List the prime factors of c.
11
Suppose -47 - 241 = -3*k. List the prime factors of k.
2, 3
Suppose r + 1 = -5*l + 3, 4*r + 10 = -2*l. Let z be (2/(-1))/(r/12). Suppose 0 = -7*s + 3*s - 4*b - z, 4*b = -5*s - 6. What are the prime factors of s?
2
Suppose 0 = 2*c - 5*x + 14, 3*x - 4 = x. Let n(p) = -p**2 - 8*p + 6. Let b be n(-7). List the prime factors of (b - 0) + c + 2.
13
Let x = 1 - -4. Suppose 5*k + 4*s = 23 + 33, -5*k + 55 = x*s. Suppose -y = -0*y - k. What are the prime factors of y?
2, 3
Let n be 5/(-15) - (-2)/(-3). Let l = 4 - n. Suppose l*u - 36 = 14. List the prime factors of u.
2, 5
Suppose 6*x - x = b + 20, 4*b = 20. Suppose -x*m - 56 = -226. What are the prime factors of m?
2, 17
Let i(w) = -w**2 - 9*w - 11. Let d be i(-9). Let o = d - -17. What are the prime factors of o?
2, 3
What are the prime factors of (-50996)/(-154) - (-2 + 15/7)?
331
Let f = -53 - -83. Let b = 13 - 13. Suppose b = h - 6*h + f. List the prime factors of h.
2, 3
Suppose 0 = g - 2*g + 5*t + 18, -t - 4 = 0. What are the prime factors of (g/6)/(4/(-48))?
2
Let n be 4/10 - (-51)/(-15). Let k(z) = z**2 + 3*z + 2. Let y be k(n). What are the prime factors of -2*(y + -1) - -11?
3
List the prime factors of (2 - 0)/(18/207).
23
Let c be 1 + (-2)/((-2)/(-11)). Let k be (-148)/c - 1/(-5). Let x = k - 8. List the prime factors of x.
7
Let w = -9 - -11. Suppose -3*i + w = -5*x, x + 2*x + 5*i - 26 = 0. List the prime factors of x.
2
Suppose 4*g - 183 = -3*h + 194, 0 = g + h - 95. List the prime factors of g.
2, 23
Let o(y) = y**3 - 5*y**2 + y + 2. Let x be o(4). Let j = -5 - x. Suppose -l + j = -2. What are the prime factors of l?
7
Let i(t) = 2*t. Let n be i(2). Let w(q) = -q**3 + 4*q**2 + 4. What are the prime factors of w(n)?
2
Let s(p) = -p**2 - 8*p + 12. Let b be s(-9). Suppose -w + b*w + d - 2 = 0, -4*d = -w + 19. What are the prime factors of w?
3
Let t(b) = b**3 + 4*b**2 + 3*b + 2. Let i be t(-3). Let g be (-1 - -3)/(-1 + i). What are the prime factors of 9 + 0/(-1 - g)?
3
Suppose -4*m = -2*s - s - 25, 3*m + 4*s = 0. Suppose -m = -6*y + 4*y. What are the prime factors of y?
2
Let c be (-1)/2 - (-58)/4. What are the prime factors of (-2)/c + 2277/63?
2, 3
Let u = 27 + -19. List the prime factors of u.
2
Suppose -v + 5*d = -3*v + 574, -v + 286 = 3*d. What are the prime factors of v?
2, 73
Suppose 0 = -z + 3*z - 124. List the prime factors of z.
2, 31
Suppose -2*c = 5*q - 1125 - 994, 3*c = 5*q - 2109. List the prime factors of q.
3, 47
Suppose 5*m - 4*o = -0*o + 260, -m + 52 = -4*o. What are the prime factors of m?
2, 13
Suppose -12*m = -4*m - 48. List the prime factors of m.
2, 3
Let i(k) = k - 4. Let c be i(12). Suppose -c - 2 = 5*h, 5*h + 34 = 2*s. What are the prime factors of s?
2, 3
Suppose m + d - 4*d = 43, 183 = 5*m + d. List the prime factors of m.
37
Let u be 3*(-1 - 5/3). What are the prime factors of (-70)/u + 1/4?
3
Let q(d) = -4*d**3 - d**2 + d + 1. Let f be q(-1). Suppose 0 = -2*z + 37 + f. List the prime factors of z.
2, 5
Let w(k) = k**3 - 3*k**2 + 2*k - 3. Let m = 2 - -2. Let n be w(m). Suppose 4*q = -5 + n. List the prime factors of q.
2
Let o = 4 - 4. Suppose -4*w + 4 + 16 = o. What are the prime factors of w?
5
What are the prime factors of -1*2*427/(-14)?
61
What are the prime factors of -1*(2/5)/((-3)/405)?
2, 3
Let l(c) = c - 4. Let j be l(8). Let x = j + 0. List the prime factors of x.
2
What are the prime factors of (-5)/(5/2) - (-82 + -2)?
2, 41
Suppose f = 4*h - 4*f - 367, -5*f + 284 = 3*h. List the prime factors of h.
3, 31
Let z = 8 - 4. Suppose z = 3*i - 8. Suppose k = -5*t + 28, 0 = 3*k - i*t + 15 - 4. List the prime factors of k.
3
Suppose 2*m + 10 = 0, 0*m = -5*i + 2*m + 25. List the prime factors of 5 - i/(-2 - 1).
2, 3
Suppose m = -10 + 90. List the prime factors of m.
2, 5
Suppose 3*z - 2 = q, 2*q - 3*q + 10 = 3*z. What are the prime factors of q?
2
Suppose 2*g + 0*g = 382. List the prime factors of g.
191
Suppose 4*v = 2*l - 0*l - 62, -5*v = l - 10. List the prime factors of l.
5
Suppose 13*r = 7*r + 354. List the prime factors of r.
59
Suppose -3*y + y = -4. Suppose -15 = h - y*h. What are the prime factors of h?
3, 5
Suppose 3*u - 540 = -6*u. What are the prime factors of u?
2, 3, 5
Let z(f) = f**3 + 9*f**2 - 11*f + 1. Let h be ((-4)/6)/((-2)/(-30)). What are the prime factors of z(h)?
11
Let l(c) = 4*c**2 - 5*c - 1. Let m be l(4). Let y = 0 + m. What are the prime factors of y?
43
Let p = -43 - -74. Let s = 44 - p. Let i = -9 + s. List the prime factors of i.
2
Let i = 240 - 164. List the prime factors of i.
2, 19
Suppose s - 1 = 1. Suppose 66 = 4*o - s. List the prime factors of o.
17
Let w(y) = y**2 + y. Let h be w(-3). List the prime factors of (-8)/(-48) - (-233)/h.
3, 13
Let a be (-1)/(4/(-3) + 1). Suppose 0 = 2*v + a*v - 2*h - 23, -19 = -5*v + h. List the prime factors of (v/(-2))/(6/(-16)).
2
Let b(u) = -u**3 + 5*u**2 + u - 3. Let h be b(5). Suppose 6 = h*y - 3*y + 3*o, o = 4*y - 31. List the prime factors of y.
3
Let a = 60 + -40. Suppose -h = 2*h + 2*d - 37, 2*h = d + a. What are the prime factors of h?
11
What are the prime factors of (8/4)/(6/213)?
71
Let z = -62 + 127. Suppose -4*b - 3*k = -z, b + k - 2*k = 25. What are the prime factors of b?
2, 5
Suppose y + m + 8 = -3*y, -4 = -m. List the prime factors of y - 148/(0 - 4).
2, 17
Let q(j) = -10*j - 3. Let l be q(3). What are the prime factors of (-6)/l + 42/11?
2
Let z(u) = u - 1. What are the prime factors of z(7)?
2, 3
List the prime factors of 3/3*(77 + -4).
73
Let w(m) = 22*m**2 - 10*m - 22. List the prime factors of w(-4).
2, 5, 37
Suppose -10*d + 4*d + 1272 = 0. List the prime factors of d.
2, 53
Let q be 10/3 + (-7)/21. What are the prime factors of -2*q*2/(-4)?
3
What are the prime factors of (124/(-6))/((-4)/6)?
31
Let r be 16/(-6)*6/(-4). Suppose r*f = f + 12. List the prime factors of f.
2
Let f be 5/(-10)*10/(-1). Suppose -31 - 4 = -f*l. List the prime factors of l - 4 - 28/(-2).
17
Let d(b) = 2*b + 12 - 1 - b. Let o be d(-8). Suppose o*i + i - 28 = 0. What are the prime factors of i?
7
List the prime factors of 72 + 9*((-6)/3)/6.
3, 23
Let f = 0 + -3. Suppose 3*g + 0 - 3 = 0. Let o = g - f. What are the prime fac